 3878051 prime?
True
Is 22340761 a prime number?
True
Is 11984083 composite?
False
Is 360465311 prime?
True
Is 116623313 a prime number?
False
Is 905591 prime?
False
Is 19970437 composite?
False
Is 717731 prime?
False
Is 4445603 prime?
True
Is 15007721 prime?
True
Is 48318001 prime?
True
Is 47538313 a prime number?
True
Is 19125601 prime?
False
Is 39643187 a composite number?
True
Is 6093526 composite?
True
Is 27264613 prime?
False
Is 6699023 a prime number?
False
Is 216843461 composite?
False
Is 1136767 a prime number?
True
Is 26115377 composite?
True
Is 652787 composite?
False
Is 121709009 a composite number?
False
Is 3159857 a prime number?
False
Is 47557 a prime number?
False
Is 479069 a composite number?
True
Is 57452321 prime?
False
Is 41115343 a composite number?
False
Is 40920259 prime?
True
Is 28577509 prime?
True
Is 28710659 a prime number?
True
Is 8192201 a prime number?
True
Is 6489737 a composite number?
True
Is 1692641 a prime number?
True
Is 1461457 a prime number?
False
Is 35264987 composite?
True
Is 7361933 composite?
True
Is 9049931 composite?
True
Is 7645891 a composite number?
True
Is 28224871 a composite number?
False
Is 755779 a prime number?
False
Is 87836453 a composite number?
True
Is 13909927 a prime number?
False
Is 493853 a prime number?
True
Is 275111 composite?
True
Is 181675843 a prime number?
False
Is 1318661 prime?
True
Is 40444735 prime?
False
Is 986707 composite?
False
Is 9448271 a prime number?
False
Is 509057 a prime number?
False
Is 39546817 prime?
False
Is 234124433 a composite number?
False
Is 207978457 composite?
False
Is 59960193 composite?
True
Is 791191 composite?
False
Is 457759877 composite?
False
Is 264099949 prime?
True
Is 1694701 a composite number?
False
Is 1560579 prime?
False
Is 250408435 prime?
False
Is 372571 prime?
False
Is 4229843 a composite number?
False
Is 81491203 a composite number?
False
Is 37091609 a prime number?
False
Is 811249 a composite number?
True
Is 16753339 prime?
True
Is 509600189 a composite number?
True
Is 2306888081 a composite number?
False
Is 44217023 a composite number?
False
Is 7678711 a composite number?
True
Is 338560633 a prime number?
True
Is 33702217 composite?
False
Is 144282559 prime?
True
Is 371720369 composite?
False
Is 149899 a prime number?
True
Is 7229 composite?
False
Is 40951985 prime?
False
Is 1433374 prime?
False
Is 8472647 a prime number?
False
Is 17076391 a composite number?
False
Is 3060047 a composite number?
False
Is 2922497 prime?
True
Is 38422603 composite?
False
Is 390457 prime?
False
Is 87414367 a composite number?
False
Is 565109 composite?
False
Is 6395371 composite?
True
Is 3312347 a composite number?
False
Is 100158769 a composite number?
True
Is 915881 prime?
True
Is 5269151 a composite number?
False
Is 2286103 a prime number?
False
Is 165064682 a prime number?
False
Is 52490189 prime?
True
Is 3242247 a composite number?
True
Is 27812573 a prime number?
True
Is 3170617 a prime number?
True
Is 87042479 prime?
True
Is 220663 a composite number?
False
Is 6033397 a prime number?
True
Is 3378289 composite?
False
Is 18528519 a composite number?
True
Is 9936547 a composite number?
True
Is 15609541 a prime number?
False
Is 80168687 composite?
False
Is 136481 a composite number?
False
Is 16770773 composite?
False
Is 22458097 composite?
True
Is 21021229 prime?
True
Is 9509761 a composite number?
False
Is 4859947 a composite number?
False
Is 18008339 prime?
True
Is 775231 a composite number?
True
Is 362048143 prime?
False
Is 3691619 a composite number?
False
Is 65167 a composite number?
False
Is 11504021 a prime number?
False
Is 2432681 composite?
False
Is 5590421 composite?
False
Is 14042437 a prime number?
True
Is 87384307 a composite number?
False
Is 4790051 a prime number?
False
Is 1086509 a prime number?
True
Is 517927 prime?
True
Is 1277928173 a prime number?
True
Is 2098774 composite?
True
Is 409153 a prime number?
True
Is 529807 composite?
False
Is 7853743 prime?
False
Is 1735495 a composite number?
True
Is 19553 prime?
True
Is 5369311 a composite number?
False
Is 1358353 a composite number?
False
Is 351401 prime?
True
Is 183647351 prime?
False
Is 170522419 a prime number?
True
Is 122505703 a prime number?
True
Is 86747173 a composite number?
False
Is 49064633 a prime number?
True
Is 58021261 a composite number?
False
Is 3376501 composite?
False
Is 2504662 a prime number?
False
Is 60659 prime?
True
Is 183160859 a prime number?
False
Is 1192889 a prime number?
True
Is 790098667 a prime number?
True
Is 55175959 prime?
True
Is 336307 a prime number?
True
Is 1746007 a composite number?
False
Is 25011611 a prime number?
True
Is 2998711 prime?
False
Is 13221787 composite?
True
Is 1037755739 prime?
True
Is 14747713 a prime number?
True
Is 795564053 a prime number?
True
Is 2615233 a composite number?
False
Is 5316557 a prime number?
True
Is 76061047 a prime number?
False
Is 2696959 a prime number?
True
Is 6161393 a composite number?
True
Is 1007185 composite?
True
Is 71329099 prime?
False
Is 1063813 composite?
False
Is 10510649 prime?
False
Is 5923343 composite?
False
Is 27152777 a prime number?
False
Is 11675759 prime?
True
Is 7744057 a composite number?
False
Is 50183018 composite?
True
Is 157876183 prime?
True
Is 16004617 a prime number?
True
Is 298513729 composite?
False
Is 74635309 prime?
False
Is 7001639 prime?
True
Is 55279349 a prime number?
True
Is 4138111 composite?
False
Is 5919665 composite?
True
Is 46192787 a prime number?
True
Is 17578259 prime?
True
Is 80237921 composite?
False
Is 20631547 composite?
False
Is 710333347 a prime number?
True
Is 203689 a prime number?
False
Is 10377977 a prime number?
False
Is 370583321 composite?
False
Is 8088463 a composite number?
False
Is 16585141 a prime number?
True
Is 109056007 a composite number?
False
Is 138825559 a prime number?
True
Is 11667961 a composite number?
True
Is 4378337 prime?
False
Is 2253247 a composite number?
False
Is 521861 a composite number?
False
Is 737251 composite?
False
Is 6564697 a composite number?
True
Is 11335691 a prime number?
False
Is 717043 prime?
False
Is 6369887 a composite number?
False
Is 347248117 a prime number?
False
Is 251535007 a prime number?
True
Is 18187837 prime?
True
Is 95733193 a composite number?
False
Is 5591459 prime?
True
Is 1250519 prime?
True
Is 57161467 a prime number?
False
Is 538901 a composite number?
True
Is 8514287 a prime number?
False
Is 2068177 prime?
False
Is 28028563 composite?
True
Is 3465139 a composite number?
False
Is 11011933 prime?
True
Is 19437317 a prime number?
True
Is 14158205 a composite number?
True
Is 34465997 prime?
True
Is 27404945 a composite number?
True
Is 3005081 a composite number?
True
Is 81666591 a prime number?
False
Is 147192743 prime?
False
Is 130139 a prime number?
False
Is 4819697 composite?
False
Is 20410694 a composite number?
True
Is 4532641 composite?
True
Is 9306391 composite?
True
Is 7707961 a composite number?
True
Is 49261691 a prime number?
False
Is 6318049 prime?
False
Is 60314633 a composite number?
False
Is 1263731 prime?
False
Is 79244743 a prime number?
False
Is 76100209 composite?
True
Is 6651241 prime?
False
Is 2889769 prime?
True
Is 22115591 a prime number?
True
Is 10374655 a composite number?
True
Is 586283421 prime?
False
Is 3754669 prime?
True
Is 57264173 a composite number?
True
Is 169608871 a prime number?
True
Is 37951447 composite?
True
Is 12241517 a prime number?
True
Is 11199487 prime?
False
Is 10008323 a prime number?
False
Is 15703669 prime?
True
Is 217902973 a prime number?
False
Is 9818399 prime?
True
Is 1139129 a prime number?
False
Is 248933 a composite number?
True
Is 331447 a composite number?
False
Is 2203933 prime?
True
Is 16416989 a composite number?
False
Is 39367777 composite?
True
Is 149114479 prime?
True
Is 259096289 composite?
True
Is 2995567 a prime number?
False
Is 31686563 prime?
False
Is 14649673 a prime number?
True
Is 5482637 composite?
False
Is 27084397 composite?
True
Is 17597981 a prime number?
False
Is 1502334491 composite?
True
Is 11502487 composite?
False
Is 5077 a prime number?
True
Is 73142167 a prime number?
False
Is 35951057 a prime number?
True
Is 3306431 prime?
False
Is 2217749 a prime number?
True
Is 866423 a prime number?
False
Is 1455165